CRAN Package Check Results for Package yap

Last updated on 2023-01-31 03:01:02 CET.

Flavor Version Tinstall Tcheck Ttotal Status Flags
r-devel-linux-x86_64-debian-clang 0.1.1 3.15 35.28 38.43 NOTE
r-devel-linux-x86_64-debian-gcc 0.1.1 2.41 27.14 29.55 NOTE
r-devel-linux-x86_64-fedora-clang 0.1.1 48.76 NOTE
r-devel-linux-x86_64-fedora-gcc 0.1.1 49.13 NOTE
r-devel-windows-x86_64 0.1.1 19.00 70.00 89.00 NOTE
r-patched-linux-x86_64 0.1.1 2.44 34.30 36.74 NOTE
r-release-linux-x86_64 0.1.1 3.08 34.86 37.94 NOTE
r-release-macos-arm64 0.1.1 22.00 NOTE
r-release-macos-x86_64 0.1.1 26.00 NOTE
r-release-windows-x86_64 0.1.1 18.00 70.00 88.00 NOTE
r-oldrel-macos-arm64 0.1.1 24.00 NOTE
r-oldrel-macos-x86_64 0.1.1 38.00 NOTE
r-oldrel-windows-ix86+x86_64 0.1.1 8.00 62.00 70.00 NOTE

Additional issues

donttest

Check Details

Version: 0.1.1
Check: LazyData
Result: NOTE
     'LazyData' is specified without a 'data' directory
Flavors: r-devel-linux-x86_64-debian-clang, r-devel-linux-x86_64-debian-gcc, r-devel-linux-x86_64-fedora-clang, r-devel-linux-x86_64-fedora-gcc, r-devel-windows-x86_64, r-patched-linux-x86_64, r-release-linux-x86_64, r-release-macos-arm64, r-release-macos-x86_64, r-release-windows-x86_64, r-oldrel-macos-arm64, r-oldrel-macos-x86_64, r-oldrel-windows-ix86+x86_64